 13. Give n(5).
-307
Let y(i) = -7*i**2 + 70*i + 14. What is y(10)?
14
Let b(a) = 561*a - 5033. Determine b(9).
16
Let f(c) = -2*c**3 - 76*c**2 + 160*c + 1. Calculate f(-40).
1
Let m(a) = a**3 + 29*a**2 + 206*a - 27. Determine m(-16).
5
Let g(i) = 8*i**2 - 35*i + 22. Give g(5).
47
Let d(r) = 2077*r + 12440. What is d(-6)?
-22
Let x(f) = -f**3 - 126*f**2 + 240*f - 1938. Determine x(-128).
110
Let i(w) = -2670*w + 18682. Determine i(7).
-8
Let i(o) = -428*o + 1536. What is i(3)?
252
Let a(m) = -44*m - 1847. What is a(-42)?
1
Let d(v) = v**2 + 64*v + 602. What is d(-12)?
-22
Let g(q) = 2*q**2 + 30*q + 70. Determine g(-8).
-42
Let n(a) = -25*a**2 - 202*a - 16. Calculate n(-6).
296
Let c(j) = -2*j**2 - 157*j - 740. Give c(-5).
-5
Let b(h) = h**3 + 68*h**2 - 518*h - 26477. Determine b(-70).
-17
Let w(b) = -63*b - 511. What is w(-9)?
56
Let l(h) = -h**3 - 7*h**2 + 58*h + 263. Give l(-10).
-17
Let s(h) = -2*h**3 - 34*h**2 - 9*h - 153. Calculate s(-17).
0
Let f(r) = 5*r + 81. Calculate f(-14).
11
Let x(q) = -1053*q + 26313. What is x(25)?
-12
Let l(u) = -u**2 + 59*u - 599. What is l(13)?
-1
Let w(k) = -2*k**2 + 34*k - 107. Determine w(18).
-143
Let l(w) = -w**3 - 9*w**2 + 323*w - 73. Calculate l(14).
-59
Let v(f) = f**3 - 4*f**2 + 392*f - 2008. What is v(5)?
-23
Let w(u) = u**3 + 8*u**2 + 29*u + 84. Give w(-5).
14
Let q(d) = -915*d + 3737. Determine q(4).
77
Let m(s) = -33*s**3 - 3*s**2 - 18*s - 14. What is m(-1)?
34
Let f(p) = p**2 - 97*p + 460. Calculate f(5).
0
Let r(w) = 2*w**3 - 66*w**2 - 67*w - 44. Give r(34).
-10
Let w(j) = j**3 + 40*j**2 + 382*j + 15. Determine w(-24).
63
Let c(x) = -356*x**3 + x**2 - 12*x + 13. Give c(1).
-354
Let h(s) = 4*s**2 - 83*s + 358. Calculate h(5).
43
Let i(j) = -58*j - 4420. Calculate i(-76).
-12
Let h(m) = m**2 + 22*m - 155. Calculate h(-28).
13
Let x(u) = -1109*u - 4441. What is x(-4)?
-5
Let l(k) = -163*k + 4417. Calculate l(27).
16
Let p(b) = b**2 - 34*b - 220. What is p(40)?
20
Let q(h) = 19*h + 145. Give q(0).
145
Let z(k) = 27*k**2 + 108*k. Give z(-4).
0
Let r(l) = -10051*l + 20113. Calculate r(2).
11
Let z(l) = -4*l**2 + 33*l - 52. Give z(6).
2
Let b(z) = 523*z - 19350. Calculate b(37).
1
Let b(n) = 6*n + 350. Give b(-31).
164
Let u(m) = m**3 + 6*m**2 - 39*m - 204. What is u(-8)?
-20
Let c(y) = y**3 + 9*y**2 + 2*y - 22. Calculate c(-4).
50
Let a(q) = 8*q**2 - 120*q - 129. Give a(16).
-1
Let w(j) = -5*j**2 - 53*j + 161. Calculate w(-13).
5
Let c(h) = 11*h**3 + 266*h**2 + 47*h + 104. Give c(-24).
128
Let d(w) = w**3 - 26*w**2 - 154*w - 29. What is d(31)?
2
Let c(y) = -5*y**2 - 140*y - 919. Determine c(-11).
16
Let j(q) = -2*q**2 - 7*q + 344. Determine j(-15).
-1
Let k(u) = -u**2 - 127*u - 3385. Calculate k(-38).
-3
Let n(o) = -52*o**2 + 69*o + 57. Give n(2).
-13
Let o(m) = -2*m**3 + 89*m**2 + 156*m - 825. Give o(46).
3
Let l(j) = -j**3 - 144*j**2 - 428*j - 720. Give l(-141).
-15
Let t(v) = v**3 + v**2 + 15*v + 6. Give t(0).
6
Let l(v) = -3178*v + 22246. Give l(7).
0
Let g(t) = -52*t**3 + 5*t**2 - 2*t + 4. Calculate g(1).
-45
Let n(i) = 47*i - 1315. Determine n(28).
1
Let y(z) = -38*z**2 + 272*z - 10. What is y(7)?
32
Let u(w) = w**3 - 42*w**2 - 58*w + 488. Determine u(43).
-157
Let p(z) = -2*z**2 + 80*z - 354. Calculate p(5).
-4
Let x(k) = -5*k**3 - 40*k**2 + 9*k - 12. Calculate x(-8).
-84
Let d(a) = a**2 + 27*a - 44. Give d(-23).
-136
Let v(t) = t**3 + 10*t**2 + 11*t + 25. Give v(-12).
-395
Let z(t) = 9*t**2 + 148*t + 188. Calculate z(-15).
-7
Let i(z) = -5344*z - 21378. Give i(-4).
-2
Let i(q) = 8100*q + 251090. Calculate i(-31).
-10
Let i(b) = -b**3 + 13*b**2 + 48*b + 763. Calculate i(18).
7
Let s(q) = 3*q**3 + 26*q**2 - 18*q - 7. What is s(-9)?
74
Let r(s) = -s**2 - 37*s - 53. What is r(0)?
-53
Let y(h) = 20*h**3 + 960*h**2 + 4*h + 186. What is y(-48)?
-6
Let l(v) = v**3 + 14*v**2 - 28*v - 196. Give l(-15).
-1
Let s(i) = -i**2 + 35*i - 299. Calculate s(18).
7
Let s(g) = -67*g**2 - 3*g + 2. Give s(1).
-68
Let l(w) = -w**2 - 5*w + 139. Determine l(-19).
-127
Let p(i) = 2*i**3 + 15*i**2 + 4*i + 51. What is p(-7)?
72
Let r(y) = -254*y + 148. Give r(1).
-106
Let n(s) = 124*s**2 - 8433*s + 65. Calculate n(68).
-3
Let b(d) = -d**3 - 15*d**2 + 35*d + 23. Calculate b(-17).
6
Let k(o) = 2357*o - 28282. Determine k(12).
2
Let i(g) = 248*g + 701. Calculate i(-3).
-43
Let u(j) = -993*j - 1975. What is u(-2)?
11
Let o(n) = -5*n**2 - 17*n - 16. Calculate o(-12).
-532
Let u(t) = -10*t + 180. Give u(-1).
190
Let s(q) = 3*q**2 + 13*q - 29. What is s(4)?
71
Let l(c) = -80*c**2 + 9*c + 7. Give l(-1).
-82
Let b(t) = t**3 - 43*t**2 + 119*t - 3229. Give b(42).
5
Let c(v) = 7*v - 120. Give c(10).
-50
Let z(g) = -g**3 + 39*g**2 + 272*g - 21. What is z(45)?
69
Let h(f) = -4*f**2 + 11*f + 29. Calculate h(-3).
-40
Let i(n) = -28*n - 287. What is i(-10)?
-7
Let r(w) = -4*w**3 - 11*w**2 + 6*w. Calculate r(-3).
-9
Let b(f) = 49*f - 887. Give b(14).
-201
Let z(d) = -72*d - 4474. Determine z(-62).
-10
Let g(w) = -w**3 - 20*w**2 + 55*w + 231. Calculate g(-22).
-11
Let u(g) = 3*g**3 - 6*g**2 - g + 11. What is u(3)?
35
Let l(r) = -6045*r + 36278. Give l(6).
8
Let l(n) = -28*n + 56. What is l(15)?
-364
Let b(f) = -f**3 - 49*f**2 + 393*f + 64. Determine b(-56).
8
Let h(n) = -47*n - 1008. Calculate h(-21).
-21
Let x(r) = 92*r - 19893. What is x(215)?
-113
Let m(i) = -6*i**2 + 13*i + 6. What is m(4)?
-38
Let z(f) = 2*f**2 - 4*f - 184. Calculate z(15).
206
Let s(t) = -242*t + 1202. Determine s(5).
-8
Let b(w) = -w**3 - 197*w**2 - w - 188. What is b(-197)?
9
Let a(t) = 33*t**2 + 263*t - 12. Calculate a(-8).
-4
Let b(n) = 343*n - 919. Determine b(3).
110
Let g(j) = -j**3 + 54*j**2 - 326*j - 137. Calculate g(47).
4
Let n(a) = -6*a**2 + 22*a + 188. Determine n(-6).
-160
Let q(g) = -3*g**3 + 101*g**2 + 34*g - 18. Calculate q(34).
-18
Let x(i) = -87*i - 194. Give x(-2).
-20
Let a(f) = -f**2 + 50*f - 182. Calculate a(37).
299
Let q(z) = -15*z**2 - 51*z - 7. Determine q(-5).
-127
Let w(c) = -c**3 + 22*c**2 + 136*c - 47. Determine w(27).
-20
Let z(h) = -208*h + 16209. Calculate z(78).
-15
Let j(u) = -2*u**2 + 4*u + 89. Determine j(-6).
-7
Let c(d) = -50*d**3 - 449*d**2 - 44*d - 476. Calculate c(-9).
1
Let z(a) = a - 172. Give z(11).
-161
Let f(v) = -3*v - 161. Calculate f(-55).
4
Let f(q) = -64*q + 110. Determine f(3).
-82
Let y(n) = 26*n - 630. Give y(27).
72
Let s(m) = m**2 + 51*m + 501. Give s(-13).
7
Let a(z) = -10*z - 393. Give a(-29).
-103
Let w(b) = b**3 + 34*b**2 - 187*b + 298. Determine w(-39).
-14
Let x(r) = r**3 - 5*r**2 + 61*r - 885. What is x(9)?
-12
Let t(h) = -1545*h - 26269. Determine t(-17).
-4
Let d(s) = 7*s**2 - 28*s - 61. Give d(5).
-26
Let l(n) = -n**2 - 173*n - 3852. What is l(-147)?
-30
Let k(q) = -3*q**3 + 585*q**2 - 21*q + 4103. What is k(195)?
8
Let l(o) = o**3 + 1719*o + 6. Calculate l(0).
6
Let b(g) = 217*g**3 - g**2 - 4*g + 4. Determine b(1).
216
Let x(m) = -397*m - 5064. Determine x(-13).
97
Let y(c) = -3*c**2 + 33*c + 78. Calculate y(-5).
-162
Let f(p) = -333*p + 1661. Give f(5).
-4
Let n(z) = -767*z - 41. Calculate n(-1).
726
Let q(i) = -9*i - 52. Give q(-9).
29
Let z(g) = -g**3 + 27*g**2 + 85*g - 2280. Calculate z(27).
15
Let u(m) = -m**3 - 8*m**2 + 10*m + 158. Determine u(-5).
33
Let s(w) = -2*w**2 - 64*w + 2. Calculate s(-32).
2
Let v(w) = 657*w**2 + 121*w + 119. Give v(-1).
655
Let r(c) = 287*c + 8338. Calculate r(-29).
15
Let m(f) = 9*f - 358. Determine m(40).
2
Let h(r) = -r**2 - 40*r - 256. Determine h(-33).
-25
Let k(j) = 88*j**2 - 796*j - 796. Give k(-1).
88
Let d(f) = -9*f - 613. Determine d(-67).
-10
Let v(b) = 539*b + 8644. Determine v(-16).
20
Let i(w) = 2*w**2 + 320*w + 8952. Calculate i(-124).
24
Let l(z) = 407*z - 1795. Give l(4).
-167
Let f(h) = 4*h**3 - 7*h**2 - 6*h + 23. Give f(3).
50
Let u(t) = 6*t**2 + 147*t + 200. Determine u(-23).
-7
Let k(h) = -433*h - 2593. Calculate k(-5).
-428
Let t(l) = -5*l - 1007. Give t(22).
-1117
Let t(k) = -5*k**3 + 162*k**2 + 99*k - 10. Give t(33).
-10
Let c(o) = -1225*o - 2463. Calculate c(-2).
-13
Let p(s) = -53*s + 4405. Give p(83).
6
Let s(z) = -z**2 + 43*z + 1164. Determine s(62).
-14
Let f(n) = -n**3 + 41*n**2 - 240*n + 41. Determine f(34).
-27
Let h(r) = -23*r + 8. Give h(-6).
146
Let r(y) = y**3 + 25*y**2 + 144*y + 2. Calculate r(-9).
2
Let k(l) = 2*l**3 + 19*l*